he greatest common factor of 126 and x?
18
Let a = 238 - 16. Suppose 2*j - 5*s - 210 = 0, 0*j + s - a = -2*j. What is the greatest common factor of 10 and j?
10
Let b = -4 - -7. Suppose 2*q - 2*p = 8, -b*p - 2*p = 5*q + 10. Suppose -c + 6 = 2*m - q, 3*c + 2*m = 33. What is the highest common factor of 13 and c?
13
Let x = 7 - 3. Suppose -3*j = -x*j + 30. What is the greatest common factor of 20 and j?
10
Let v = -1 - -3. Let d be v/(-4)*2 - -15. Suppose -4*f + d = -2. What is the greatest common factor of f and 4?
4
Let k(w) = -w**3 + 4*w**2 + 3*w - 2. Let d be k(4). Let f = 0 + 4. Let r be (30/f)/((-15)/(-20)). What is the highest common divisor of d and r?
10
Let c = 19 + -10. Let m = -4 + c. Calculate the highest common divisor of m and 5.
5
Suppose 0 = -o - o + 2*f + 96, 0 = -2*o + f + 98. Suppose -3*v + 89 = 4*h, 2*v - h = h + o. What is the highest common factor of v and 243?
27
Let p = -59 - -94. What is the greatest common factor of p and 70?
35
Let q = 6 + -1. Suppose 0 = 2*g - a - 1483, -16 = -4*a + 4. Suppose -244 = q*n - g. Calculate the highest common divisor of 20 and n.
20
Let z be 14/(-70) + 242/10. Suppose 4 = -4*a + 16. Calculate the greatest common divisor of z and a.
3
Let p = 18 + -13. Suppose -2*j - y + 16 = -8, -4*j - y = -44. Suppose -2*v = -j*d + 5*d - 125, 0 = 2*d + 6. What is the greatest common divisor of p and v?
5
Suppose -154 = -i - i. Suppose -40 = -v - 2*v + 4*f, 0 = 3*v - f - 28. Suppose 3*d - v*d = -55. What is the greatest common divisor of d and i?
11
Suppose 4*y = 66 - 2. Calculate the greatest common factor of y and 16.
16
Let q = 1 - 1. Let a(i) = i + 18. Let r be a(q). What is the highest common divisor of 18 and r?
18
Suppose 2*f + 0*f - 5*o = -16, 0 = 2*f + o - 8. Let d be 1/(3*f/36). Suppose 4 = j - d. Calculate the highest common factor of 80 and j.
10
Suppose 4*w - 3*c - 34 = 13, -3*c = -3*w + 39. Suppose 0 = -2*o + 3*t, -4 = -3*t + w. Suppose -m - 80 = -o*m. What is the highest common divisor of m and 2?
2
Suppose -2*f = v - 19, -2*v - f + 15 = -32. Let s = v - 20. Let a be (-3 - -2)*1*-25. Calculate the greatest common factor of a and s.
5
Let o = 7 - 3. What is the greatest common factor of 16 and o?
4
Let w(u) = 8*u + 8*u + u**2 - 2*u**2 - 14. Let i be w(15). What is the greatest common factor of 1 and i?
1
Let l be 12/(-8) - 169/2. Let p = 128 + l. Calculate the greatest common divisor of 28 and p.
14
Let k(g) = g**3 - 6*g**2 - g**2 + 4 + 0*g**3 + 6*g. Let l be k(6). Suppose -2*n + 10 = b - 7, -n = l*b + 9. What is the highest common divisor of n and 44?
11
Suppose 8*j = 12 + 20. Suppose -i + 3*f - 4 = 0, -i - 4*f + 20 = f. Let m(l) = 3*l + 5. Let p be m(i). What is the greatest common divisor of j and p?
4
Suppose 3*s = 2*q + 21, 0 = 5*q + 3*s - 5*s + 25. Let u = q - -2. Let h be 1*(2 + u)*26. Calculate the highest common factor of h and 65.
13
Let w be 185/8 - 15/120. What is the highest common divisor of 115 and w?
23
Let m = 26 - 10. Let a(l) = -l**2 + l + 144. Let d be a(0). What is the greatest common divisor of d and m?
16
Suppose 3*g + 3*q - 3 = 0, 0*g - 2*q - 2 = 3*g. Let y be -5*2*g/10. Suppose -y*h + 37 + 7 = 0. What is the greatest common divisor of 22 and h?
11
Let h be (10/15)/(-1 - (-11)/9). Calculate the highest common divisor of h and 24.
3
Suppose r - 4*r = -3*b + 18, r - 2*b = -10. Let i be 1*(-1)/(1/(-4)). Let j be 0 + 0/r + i. Calculate the highest common factor of 36 and j.
4
Let k be (-2 + -10)/(2/(-30)). Calculate the greatest common divisor of 36 and k.
36
Suppose 4*o = -20, 5*y - o = 3*o + 85. Suppose -5*z + 4*d + d + 15 = 0, -y = -3*z + d. Suppose a + 5 = 15. Calculate the greatest common factor of a and z.
5
Let u(f) = -f**3 + 14*f**2 - 13*f + 13. Let h be u(13). Suppose -112 = -d - 4*r, -9*d + 5*d + 422 = 3*r. Calculate the greatest common divisor of d and h.
13
Let p be ((-2)/5 - 0)*-10. Let j(m) = 32*m - 3. Let x be j(p). Suppose 2*d - 88 = -3*q, d - 2*q = 55 + 3. What is the greatest common factor of x and d?
25
Let p(d) = d**2 - 7*d - 69. Let s be p(13). Suppose -2*y - 3*y = 0. Suppose y = 2*g - 104 - 58. Calculate the highest common factor of s and g.
9
Suppose -6*n + 2*n + 5*s + 42 = 0, 6 = -3*s. What is the highest common factor of 40 and n?
8
Suppose -5*j = -3*j - 300. What is the highest common divisor of j and 30?
30
Let x(w) be the third derivative of -w**4/24 - w**3/6 - 4*w**2. Let v be x(-3). Calculate the highest common factor of 5 and v.
1
Let c = 268 + -15. What is the highest common factor of 23 and c?
23
Let g = 16 + 8. What is the greatest common factor of g and 264?
24
Let c be 40/6 - (-2)/6. Let r(z) = z**2 + 3*z + 2. Let w be r(-4). Suppose 2*a + 82 = 3*n, -n - w + 39 = 5*a. Calculate the greatest common divisor of n and c.
7
Let m(b) = 2*b - 2. Let w be m(5). Let o(n) = n**2 - 1. Let f be o(w). Let c = -41 + f. Calculate the greatest common factor of c and 88.
22
Let b be 4/18 - (-151)/9. Let d(n) = -2*n**2 - 3*n + 4. Let w be d(3). Let x = 164 - w. Calculate the highest common divisor of b and x.
17
Let v(m) = m**2 + 14*m + 13. Let l be v(-13). Let x be 7 - (2 + -3 - l). What is the greatest common divisor of 32 and x?
8
Let x = -18 - -12. Let y be ((-63)/6)/(x/8). Let o(p) = 98*p. Let s be o(1). What is the greatest common factor of s and y?
14
Suppose 0 = 4*r - 0*r - 16. Let u = 58 + -56. Calculate the greatest common divisor of r and u.
2
Suppose 5*h + g - 51 = 0, -5*h + 9 + 38 = 2*g. What is the highest common divisor of h and 11?
11
Suppose -8*c = -4*c - 44. Calculate the highest common factor of c and 44.
11
Let x = 186 - 106. Let p(g) = -g**2 - 11*g - 2. Let j be p(-9). Calculate the greatest common divisor of x and j.
16
Let f(l) = l**2 - 3*l + 1. Let x be f(3). Calculate the greatest common divisor of 5 and x.
1
Let g = 9 + 0. Suppose 0 = 3*j - g, 2*k - 4*j - 303 = -3*k. What is the greatest common factor of k and 7?
7
Let c be (1*-6)/(9/(-6)). Let n(u) = 2 - 8*u**3 - c*u**2 + 4*u**3 - u + 0*u. Let h be n(-2). Calculate the highest common divisor of 4 and h.
4
Let h be (0/(-2))/(1*2). Suppose h = -o, 7 = -q + 2*q + 5*o. Suppose -60 = -5*r - 5*n - 10, -4*n - 2 = r. What is the greatest common divisor of q and r?
7
Suppose 0 = -3*s + 38 - 8. Suppose -o + 12 = -s. What is the greatest common factor of o and 110?
22
Let n(g) = -g**2 + 6*g - 11. Let r be n(5). Let d be (-1)/1 + -1 + 1. Let o be (r - (0 - 1))*d. Calculate the greatest common divisor of 40 and o.
5
Suppose 3*i = -4*u - 0*u + 23, 0 = 2*u - i + 1. Let d be ((-3)/(-15))/((-5)/(-25)). What is the greatest common divisor of d and u?
1
Let x(c) = -2*c**3 - 6*c**2 - 5*c + 4. Let u be x(-4). Let s = -72 - u. Let y be -2 - s*3/3. What is the highest common divisor of y and 14?
14
Let p = -126 - -236. What is the greatest common factor of p and 44?
22
Suppose -r - n = -3*r + 49, 3*n - 73 = -4*r. What is the highest common factor of r and 66?
22
Let n = 462 - 252. Suppose -7*o + n = -2*o. Calculate the greatest common divisor of 21 and o.
21
Let i be -11 - (3 + 0)/3. Let w = 8 - i. What is the greatest common divisor of 10 and w?
10
Let a = 9 - 5. Suppose 0*d + 5*d - 95 = 4*i, d + a*i = -5. Calculate the greatest common divisor of d and 105.
15
Let w be ((-3)/(-2))/(3/12). Calculate the highest common factor of 4 and w.
2
Suppose 0 = 3*w + 4*q - 5*q - 8, 4*w - 24 = -2*q. Let p = -15 + 17. Suppose p + w = g. Calculate the greatest common factor of 2 and g.
2
Suppose q = 23 + 37. What is the greatest common factor of q and 30?
30
Let g = -61 + 94. Let l = g + -17. What is the highest common factor of l and 8?
8
Suppose 0 = -c - 2*c + 153. What is the highest common factor of c and 17?
17
Suppose -2*a - 12 = -0*a. Let t be (20/(-6))/(4/a). Suppose -2*x - 90 = -4*x. What is the highest common factor of t and x?
5
Suppose 2*x + 70 = 4*b, 0*b + 5*b - x - 92 = 0. Suppose 5*i + 515 - 1368 = -2*n, -5*n + 508 = 3*i. What is the greatest common factor of i and b?
19
Let b be 80/(-15)*18/(-8). Suppose r = 3*i - i - b, -2*i = -3*r - 16. Calculate the highest common factor of i and 55.
5
Suppose 5*o = -0*o + 25. Calculate the highest common factor of o and 15.
5
Let r be (-2 - 1 - -1)/(-1). Suppose b = g + 46, r*g = 7*g + 20. Calculate the highest common divisor of b and 28.
14
Let t be 2/(-5